{"id":201,"date":"2020-08-13T12:16:59","date_gmt":"2020-08-13T12:16:59","guid":{"rendered":"https:\/\/shop.allcomp.cz\/?post_type=product&#038;p=201"},"modified":"2020-09-15T11:46:33","modified_gmt":"2020-09-15T11:46:33","slug":"pristupovy-system-e-vicko","status":"publish","type":"product","link":"https:\/\/shop-backup.allcomp.cz\/index.php\/product\/pristupovy-system-e-vicko\/","title":{"rendered":"P\u0159\u00edstupov\u00fd syst\u00e9m E-v\u00ed\u010dko"},"content":{"rendered":"<p style=\"text-align: left;\">Jedn\u00e1 se o autonomn\u00ed p\u0159\u00edstupov\u00fd syst\u00e9m, kter\u00fd je ur\u010den\u00fd pro \u0159\u00edzen\u00ed a kontrolu p\u0159\u00edstup\u016f do objektu. K identifikaci opr\u00e1vn\u011bn\u00e9 osoby slou\u017e\u00ed bezkontaktn\u00ed p\u0159\u00edstupov\u00e1 karta (p\u0159\u00edpadn\u011b kl\u00ed\u010denka) vybaven\u00e1 \u010dipem, kter\u00e1 obsahuje jedine\u010dnou identifikaci (\u010d\u00edslo). Zamezen\u00ed p\u0159\u00edstupu do ur\u010den\u00e9ho prostoru nepovolan\u00fdm osob\u00e1m.<\/p>\n<p>Nov\u00e1 jednotka je navr\u017eena do plastov\u00e9 z\u00e1slepky o rozm\u011brech 40\u00d717 mm.<\/p>\n<ul>\n<li>Identifikace opr\u00e1vn\u011bn\u00e9 osoby pomoc\u00ed bezkontaktn\u00ed p\u0159\u00edstupov\u00e9 karty, p\u0159\u00edpadn\u011b kl\u00ed\u010denky.<\/li>\n<li>Kapacita 100 (1000*) karet nebo \u010dip\u016f<\/li>\n<li>Povolen\u00ed p\u0159\u00edstupu pro ka\u017edou kartu v ur\u010dit\u00fd den a \u010das. *<\/li>\n<li>Zabezpe\u010deno proti p\u0159\u00edpadn\u00e9mu zneu\u017eit\u00ed syst\u00e9mu.<\/li>\n<li>Re\u00e1ln\u00fd \u010das z\u00e1lohovan\u00fd bateri\u00ed. *<\/li>\n<li>Jednoduch\u00fd zp\u016fsob mont\u00e1\u017ee jednotky.<\/li>\n<li>PC software pro programov\u00e1n\u00ed karet a nastaven\u00ed syst\u00e9mu ( Windows ).<\/li>\n<li>Mo\u017enost p\u0159ipojen\u00ed na CLOUD aplikaci pomoc\u00ed WiFi, snadn\u00e1 \u00faprava p\u0159\u00edstup\u016f odkudkoliv pomoc\u00ed aplikace z internetov\u00e9ho prohl\u00ed\u017ee\u010de<\/li>\n<li>Mo\u017enost laserov\u00e1n\u00ed loga, \u010d\u00edsla apod. na kartu i kl\u00ed\u010denku.<\/li>\n<\/ul>\n<p><em>* pouze u varianty s histori\u00ed pr\u016fchod\u016f<\/em><\/p>\n<p style=\"text-align: left;\">Z hlediska u\u017eivatele se jedn\u00e1 o velice komfortn\u00ed syst\u00e9m vhodn\u00fd nap\u0159\u00edklad do vchod\u016f obytn\u00fdch dom\u016f, panelov\u00fdch dom\u016f, vstupu do kancel\u00e1\u0159\u00ed, v\u00fdrobn\u00edch prostor\u016f a podobn\u011b. U\u017eivateli sta\u010d\u00ed pouze p\u0159ilo\u017eit ke \u010dte\u010dce identifika\u010dn\u00ed kartu (p\u0159\u00edpadn\u011b kl\u00ed\u010denku) s \u010dipem RFID. Po na\u010dten\u00ed \u010d\u00edsla dojde p\u0159i opr\u00e1vn\u011bn\u00e9m vstupu k okam\u017eit\u00e9mu otev\u0159en\u00ed dve\u0159\u00ed. <strong>Nen\u00ed tedy nutn\u00e9 pou\u017e\u00edvat kl\u00ed\u010de.<\/strong><\/p>\n<p style=\"text-align: left;\">Z\u00e1kladn\u00ed jednotka se skl\u00e1d\u00e1 z bezkontaktn\u00ed \u010dte\u010dky karet (\u010dip\u016f RFID) a mikroprocesoru s pam\u011bt\u00ed. V t\u00e9 jsou ulo\u017eena \u010d\u00edsla karet (\u010dip\u016f), kter\u00e9 maj\u00ed opr\u00e1vn\u011bn\u00fd p\u0159\u00edstup. Mikroprocesor prov\u00e1d\u00ed porovn\u00e1v\u00e1n\u00ed \u010d\u00edsel v pam\u011bti s pr\u00e1v\u011b p\u0159e\u010dten\u00fdm \u010d\u00edslem karty nebo \u010dipu a na z\u00e1klad\u011b shodnosti provede otev\u0159en\u00ed elektrick\u00e9ho z\u00e1mku dve\u0159\u00ed, nebo p\u0159\u00edstup odm\u00edtne.<\/p>\n<ul style=\"text-align: left;\">\n<li>Nap\u00e1jen\u00ed jednotky 12-24V DC \/15mA<\/li>\n<li>Nap\u00e1jen\u00ed z\u00e1mku: 12-24V DC 1.6A<\/li>\n<li>Identifikace: bezkontaktn\u00ed RFID (Radio Frequency Identification)<\/li>\n<li>Kapacita: 100 a\u017e 1000* karet nebo \u010dip\u016f dle verze E-v\u00ed\u010dka<\/li>\n<li>Programov\u00e1n\u00ed: pomoc\u00ed PC (USB) a obslu\u017en\u00e9ho SW (Windows)<\/li>\n<li>Re\u00e1ln\u00fd \u010das: 24 hodinov\u00fd cyklus, den v t\u00fddnu, z\u00e1lohov\u00e1n\u00ed bateri\u00ed *<\/li>\n<\/ul>\n<p style=\"text-align: left;\">* <em>pouze u varianty s histori\u00ed pr\u016fchod\u016f<\/em><\/p>\n<h4>P\u0159\u00edstupov\u00e9 prvky naleznete v na\u0161ich <a href=\"https:\/\/shop.allcomp.cz\/index.php\/product\/prislusenstvi-pristupovych-systemu\/\">P\u0159\u00edslu\u0161enstv\u00ed p\u0159\u00edstupov\u00fdch syst\u00e9m\u016f<\/a>.<\/h4>\n<h3>Dokumenty<\/h3>\n<ul>\n<li><a href=\"https:\/\/www.allcomp.cz\/wp-content\/uploads\/2019\/09\/e_vicko_d.pdf\" target=\"_blank\" rel=\"noreferrer noopener\" aria-label=\" (opens in a new tab)\">Popis<\/a><\/li>\n<\/ul>\n<p>&nbsp;<\/p>\n","protected":false},"excerpt":{"rendered":"<p>Jedn\u00e1 se o autonomn\u00ed p\u0159\u00edstupov\u00fd syst\u00e9m, kter\u00fd je ur\u010den\u00fd pro \u0159\u00edzen\u00ed a kontrolu p\u0159\u00edstup\u016f do objektu. K identifikaci opr\u00e1vn\u011bn\u00e9 osoby slou\u017e\u00ed bezkontaktn\u00ed p\u0159\u00edstupov\u00e1 karta (p\u0159\u00edpadn\u011b kl\u00ed\u010denka) vybaven\u00e1 \u010dipem, kter\u00e1 obsahuje<a href=\"https:\/\/shop-backup.allcomp.cz\/index.php\/product\/pristupovy-system-e-vicko\/\" class=\"d-block breadmore\">Read More<\/a><\/p>\n","protected":false},"featured_media":202,"template":"","meta":[],"_links":{"self":[{"href":"https:\/\/shop-backup.allcomp.cz\/index.php\/wp-json\/wp\/v2\/product\/201"}],"collection":[{"href":"https:\/\/shop-backup.allcomp.cz\/index.php\/wp-json\/wp\/v2\/product"}],"about":[{"href":"https:\/\/shop-backup.allcomp.cz\/index.php\/wp-json\/wp\/v2\/types\/product"}],"wp:featuredmedia":[{"embeddable":true,"href":"https:\/\/shop-backup.allcomp.cz\/index.php\/wp-json\/wp\/v2\/media\/202"}],"wp:attachment":[{"href":"https:\/\/shop-backup.allcomp.cz\/index.php\/wp-json\/wp\/v2\/media?parent=201"}],"curies":[{"name":"wp","href":"https:\/\/api.w.org\/{rel}","templated":true}]}}