{"id":250,"date":"2020-08-25T07:04:25","date_gmt":"2020-08-25T07:04:25","guid":{"rendered":"https:\/\/shop.allcomp.cz\/?post_type=product&#038;p=250"},"modified":"2022-03-28T07:11:03","modified_gmt":"2022-03-28T07:11:03","slug":"solarni-termostat-rizeni-solarniho-ohrevu-bazenu","status":"publish","type":"product","link":"https:\/\/shop-backup.allcomp.cz\/index.php\/product\/solarni-termostat-rizeni-solarniho-ohrevu-bazenu\/","title":{"rendered":"Sol\u00e1rn\u00ed termostat &#8211; digit\u00e1ln\u00ed model, \u0159\u00edzen\u00ed sol\u00e1rn\u00edho oh\u0159evu baz\u00e9nu"},"content":{"rendered":"<header>\n<h1 class=\"title single-title\">Sol\u00e1rn\u00ed termostat \u2013 digit\u00e1ln\u00ed model, \u0159\u00edzen\u00ed sol\u00e1rn\u00edho oh\u0159evu baz\u00e9nu<\/h1>\n<\/header>\n<div id=\"content\" class=\"post-single-content box mark-links\">\n<p>Vyr\u00e1b\u00edme \u0159\u00edd\u00edc\u00ed jednotky ur\u010den\u00e9 zejm\u00e9na k \u0159\u00edzen\u00ed sol\u00e1rn\u00edho oh\u0159evu baz\u00e9nu. \u0158\u00edd\u00edc\u00ed jednotka na z\u00e1klad\u011b nastaven\u00e9 teploty vody v kolektoru reguluje kolob\u011bh vody mezi kolektorem a baz\u00e9nem. K dispozici jsou dva modely \u2013 digit\u00e1ln\u00ed a analogov\u00fd. Ovl\u00e1d\u00e1n\u00ed analogov\u00e9ho modelu se prov\u00e1d\u00ed pomoc\u00ed potenciometru. U modelu v digit\u00e1ln\u00edm proveden\u00ed m\u00e1 u\u017eivatel mo\u017enost kalibrace teploty, displej zobrazuje re\u00e1ln\u00fd \u010das a aktu\u00e1ln\u00ed teplotu vody v baz\u00e9nu a vody v kolektoru. Digit\u00e1ln\u00ed model je dod\u00e1v\u00e1n v krabicov\u00e9m proveden\u00ed IP55 nebo v proveden\u00ed na DIN li\u0161tu (2 moduly).<\/p>\n<ul>\n<li>Nastaven\u00ed teplotn\u00ed diference (teplotn\u00ed sp\u00e1d)<\/li>\n<li>Nastaven\u00ed po\u017eadovan\u00e9 teploty vody<\/li>\n<li>Zobrazuje re\u00e1ln\u00fd \u010das (pouze digit\u00e1ln\u00ed model)<\/li>\n<li>Zobrazen\u00ed teploty vody v kolektoru (pouze digit\u00e1ln\u00ed model)<\/li>\n<li>Zobrazen\u00ed teploty vody v baz\u00e9nu (pouze digit\u00e1ln\u00ed model)<\/li>\n<\/ul>\n<ul>\n<li>Nap\u00e1jen\u00ed: 230V \/ 50-60 Hz<\/li>\n<li>Pracovn\u00ed teplota: 0 \u2013 50 st. Celsia<\/li>\n<li>Stupn\u011b kryt\u00ed: analogov\u00fd model \u2013 IP 55, digit\u00e1ln\u00ed model \u2013 IP 55, digit\u00e1ln\u00ed model DIN \u2013 IP 20<\/li>\n<li>Z\u00e1ruka: 24 m\u011bs\u00edc\u016f<\/li>\n<\/ul>\n<h3>Dokumenty<\/h3>\n<ul>\n<li><a href=\"https:\/\/allcomp.cz\/uploads\/file\/produkty\/bazeny_vyrivky_wellness\/bazeny\/solarni_termostat\/Solarni%20termostat%20digital%20navod%20k%20obsluze%20%28CZE%29.pdf\" target=\"_blank\" rel=\"noreferrer noopener\">Digital \u2013 n\u00e1vod k obsluze<\/a><\/li>\n<li><a href=\"https:\/\/allcomp.cz\/uploads\/file\/produkty\/bazeny_vyrivky_wellness\/bazeny\/solarni_termostat\/analog_navod_k_obsluze.pdf\" target=\"_blank\" rel=\"noreferrer noopener\">Analog \u2013 n\u00e1vod k obsluze<\/a><\/li>\n<li><a href=\"https:\/\/allcomp.cz\/uploads\/file\/produkty\/bazeny_vyrivky_wellness\/bazeny\/solarni_termostat\/digital_din_navod_k_obsluze.pdf\" target=\"_blank\" rel=\"noreferrer noopener\">Digital DIN \u2013 n\u00e1vod k obsluze<\/a><\/li>\n<li><a href=\"https:\/\/allcomp.cz\/uploads\/file\/produkty\/bazeny_vyrivky_wellness\/bazeny\/solarni_termostat\/digital_analog_prospekt.pdf\" target=\"_blank\" rel=\"noreferrer noopener\">Digital, Analog \u2013 prospekt<\/a><\/li>\n<li><a href=\"https:\/\/allcomp.cz\/uploads\/file\/produkty\/bazeny_vyrivky_wellness\/bazeny\/solarni_termostat\/digital_din_prospekt.pdf\" target=\"_blank\" rel=\"noreferrer noopener\">Digital DIN \u2013 prospekt<\/a><\/li>\n<\/ul>\n<\/div>\n","protected":false},"excerpt":{"rendered":"<p>Sol\u00e1rn\u00ed termostat \u2013 digit\u00e1ln\u00ed model, \u0159\u00edzen\u00ed sol\u00e1rn\u00edho oh\u0159evu baz\u00e9nu Vyr\u00e1b\u00edme \u0159\u00edd\u00edc\u00ed jednotky ur\u010den\u00e9 zejm\u00e9na k \u0159\u00edzen\u00ed sol\u00e1rn\u00edho oh\u0159evu baz\u00e9nu. \u0158\u00edd\u00edc\u00ed jednotka na z\u00e1klad\u011b nastaven\u00e9 teploty vody v kolektoru reguluje kolob\u011bh<a href=\"https:\/\/shop-backup.allcomp.cz\/index.php\/product\/solarni-termostat-rizeni-solarniho-ohrevu-bazenu\/\" class=\"d-block breadmore\">Read More<\/a><\/p>\n","protected":false},"featured_media":673,"template":"","meta":[],"_links":{"self":[{"href":"https:\/\/shop-backup.allcomp.cz\/index.php\/wp-json\/wp\/v2\/product\/250"}],"collection":[{"href":"https:\/\/shop-backup.allcomp.cz\/index.php\/wp-json\/wp\/v2\/product"}],"about":[{"href":"https:\/\/shop-backup.allcomp.cz\/index.php\/wp-json\/wp\/v2\/types\/product"}],"wp:featuredmedia":[{"embeddable":true,"href":"https:\/\/shop-backup.allcomp.cz\/index.php\/wp-json\/wp\/v2\/media\/673"}],"wp:attachment":[{"href":"https:\/\/shop-backup.allcomp.cz\/index.php\/wp-json\/wp\/v2\/media?parent=250"}],"curies":[{"name":"wp","href":"https:\/\/api.w.org\/{rel}","templated":true}]}}