{"id":583,"date":"2020-09-10T11:56:36","date_gmt":"2020-09-10T11:56:36","guid":{"rendered":"https:\/\/shop.allcomp.cz\/?post_type=product&#038;p=583"},"modified":"2020-11-06T14:09:08","modified_gmt":"2020-11-06T14:09:08","slug":"rfid-hodinky-naramek","status":"publish","type":"product","link":"https:\/\/shop-backup.allcomp.cz\/index.php\/product\/rfid-hodinky-naramek\/","title":{"rendered":"RFID hodinky, n\u00e1ramek"},"content":{"rendered":"<p>Bezkontaktn\u00ed n\u00e1ramky kombinuj\u00ed RFID technologii s dobr\u00fdm vzhledem a praktick\u00fdm usazen\u00edm. Nos\u00ed se jako n\u00e1ramkov\u00e9 hodinky a jejich vyu\u017eit\u00ed jako RFID identifik\u00e1tor je opravdu pohodln\u00e9. Krom\u011b toho jejich robustnost zaru\u010duje t\u011bmto bezkontaktn\u00edm hodink\u00e1m dobr\u00e9 ut\u011bsn\u011bn\u00ed elektronick\u00e9 jednotky a vodot\u011bsnost hodinek. Samoz\u0159ejm\u011b je nab\u00edzena takt\u00e9\u017e s laserov\u00fdm popisem.<\/p>\n","protected":false},"excerpt":{"rendered":"<p>Bezkontaktn\u00ed n\u00e1ramky kombinuj\u00ed RFID technologii s dobr\u00fdm vzhledem a praktick\u00fdm usazen\u00edm. Nos\u00ed se jako n\u00e1ramkov\u00e9 hodinky a jejich vyu\u017eit\u00ed jako RFID identifik\u00e1tor je opravdu pohodln\u00e9. Krom\u011b toho jejich robustnost zaru\u010duje<a href=\"https:\/\/shop-backup.allcomp.cz\/index.php\/product\/rfid-hodinky-naramek\/\" class=\"d-block breadmore\">Read More<\/a><\/p>\n","protected":false},"featured_media":667,"template":"","meta":[],"_links":{"self":[{"href":"https:\/\/shop-backup.allcomp.cz\/index.php\/wp-json\/wp\/v2\/product\/583"}],"collection":[{"href":"https:\/\/shop-backup.allcomp.cz\/index.php\/wp-json\/wp\/v2\/product"}],"about":[{"href":"https:\/\/shop-backup.allcomp.cz\/index.php\/wp-json\/wp\/v2\/types\/product"}],"wp:featuredmedia":[{"embeddable":true,"href":"https:\/\/shop-backup.allcomp.cz\/index.php\/wp-json\/wp\/v2\/media\/667"}],"wp:attachment":[{"href":"https:\/\/shop-backup.allcomp.cz\/index.php\/wp-json\/wp\/v2\/media?parent=583"}],"curies":[{"name":"wp","href":"https:\/\/api.w.org\/{rel}","templated":true}]}}